{"id":6263,"date":"2020-12-21T19:42:19","date_gmt":"2020-12-21T19:42:19","guid":{"rendered":"https:\/\/export-demos.qreativethemes.com\/physio\/?page_id=6263"},"modified":"2023-08-10T03:14:59","modified_gmt":"2023-08-10T01:14:59","slug":"suche-iglowanie","status":"publish","type":"page","link":"https:\/\/marcinsowula.pl\/?page_id=6263","title":{"rendered":"Suche ig\u0142owanie"},"content":{"rendered":"<div id=\"pl-6263\"  class=\"panel-layout\" ><div id=\"pg-6263-0\"  class=\"panel-grid panel-no-style\" ><div id=\"pgc-6263-0-0\"  class=\"panel-grid-cell panel-grid-cell-empty\" ><\/div><\/div><div id=\"pg-6263-1\"  class=\"panel-grid panel-no-style\" ><div id=\"pgc-6263-1-0\"  class=\"panel-grid-cell\" ><div id=\"panel-6263-1-0-0\" class=\"so-panel widget widget_sow-editor panel-first-child panel-last-child\" data-index=\"0\" ><div\n\t\t\t\n\t\t\tclass=\"so-widget-sow-editor so-widget-sow-editor-base\"\n\t\t\t\n\t\t>\n<div class=\"siteorigin-widget-tinymce textwidget\">\n\t<p><img loading=\"lazy\" decoding=\"async\" class=\"alignnone wp-image-8146 size-full\" src=\"http:\/\/marcinsowula.pl\/wp-content\/uploads\/2022\/04\/single_service_suche_iglowanie-1.jpg\" alt=\"single_service_suche_iglowanie-01\" width=\"850\" height=\"567\" \/><img loading=\"lazy\" decoding=\"async\" class=\"alignnone wp-image-8147 size-full\" src=\"http:\/\/marcinsowula.pl\/wp-content\/uploads\/2022\/04\/single_service_suche_iglowanie.jpg\" alt=\"single_service_suche_iglowanie-02\" width=\"850\" height=\"567\" \/><\/p>\n<\/div>\n<\/div><\/div><\/div><div id=\"pgc-6263-1-1\"  class=\"panel-grid-cell\" ><div id=\"panel-6263-1-1-0\" class=\"so-panel widget widget_sow-editor panel-first-child panel-last-child\" data-index=\"1\" ><div\n\t\t\t\n\t\t\tclass=\"so-widget-sow-editor so-widget-sow-editor-base\"\n\t\t\t\n\t\t>\n<div class=\"siteorigin-widget-tinymce textwidget\">\n\t<p><span style=\"font-weight: 400;\">Suche ig\u0142owanie, znane r\u00f3wnie\u017c jako sucha terapia ig\u0142owa lub dry needling, polega ona na wprowadzaniu cienkich igie\u0142 do tkanek mi\u0119\u015bniowych i tkanki \u0142\u0105cznej w celu zmniejszenia b\u00f3lu, poprawy funkcji mi\u0119\u015bniowej oraz przyspieszenia proces\u00f3w regeneracyjnych.<\/span><\/p>\n<p><span style=\"font-weight: 400;\">Ig\u0142y u\u017cywane w suchej ig\u0142oterapii s\u0105 cienkie i jednorazowe, podobne do igie\u0142 stosowanych w akupunkturze. R\u00f3\u017cnica polega na tym, \u017ce w przypadku suchej ig\u0142oterapii ig\u0142y s\u0105 wprowadzane bez u\u017cycia jakiejkolwiek substancji farmakologicznej, takiej jak leki czy \u015brodki znieczulaj\u0105ce.<\/span><\/p>\n<p><span style=\"font-weight: 400;\">G\u0142\u00f3wne zastosowania suchej ig\u0142oterapii obejmuj\u0105:<\/span><\/p>\n<ul>\n<li style=\"font-weight: 400;\" aria-level=\"1\"><span style=\"font-weight: 400;\">Redukcja b\u00f3lu - zmniejszenie b\u00f3lu mi\u0119\u015bniowego i stawowego, zar\u00f3wno w przypadku przewlek\u0142ych schorze\u0144, jak i ostrych uraz\u00f3w.<\/span><\/li>\n<li style=\"font-weight: 400;\" aria-level=\"1\"><span style=\"font-weight: 400;\">Poprawa funkcji mi\u0119\u015bniowej - poprawa si\u0142y i elastyczno\u015bci mi\u0119\u015bni oraz przywr\u00f3cenie prawid\u0142owego wzorca ruchowego.<\/span><\/li>\n<li style=\"font-weight: 400;\" aria-level=\"1\"><span style=\"font-weight: 400;\">Zwi\u0119kszenie ukrwienia - pobudzanie przep\u0142ywu krwi i dostarczanie sk\u0142adnik\u00f3w od\u017cywczych do obszar\u00f3w obj\u0119tych terapi\u0105, co wspomaga proces gojenia i regeneracji.<\/span><\/li>\n<li style=\"font-weight: 400;\" aria-level=\"1\"><span style=\"font-weight: 400;\">Rozlu\u017anianie napi\u0119tych tkanek - ig\u0142y mog\u0105 pom\u00f3c w rozlu\u017anianiu napi\u0119tych i skurczonych tkanek mi\u0119\u015bniowych oraz tkanki \u0142\u0105cznej, co przyczynia si\u0119 do redukcji sztywno\u015bci i poprawy zakresu ruchu.<\/span><\/li>\n<\/ul>\n<p><span style=\"font-weight: 400;\">Przed przeprowadzeniem suchej ig\u0142oterapii fizjoterapeuta dok\u0142adnie ocenia pacjenta i ustala odpowiednie miejsca wprowadzenia igie\u0142 w zale\u017cno\u015bci od schorzenia lub obszaru do leczenia. Suche ig\u0142owanie mo\u017ce wywo\u0142ywa\u0107 kr\u00f3tkotrwa\u0142e uczucie dyskomfortu lub b\u00f3lu podczas wprowadzania igie\u0142, ale powinno to ust\u0105pi\u0107 po zako\u0144czeniu terapii. <\/span><\/p>\n<\/div>\n<\/div><\/div><\/div><\/div><\/div>","protected":false},"excerpt":{"rendered":"<p>Suche ig\u0142owanie, znane r\u00f3wnie\u017c jako sucha terapia ig\u0142owa lub dry needling, polega ona na wprowadzaniu cienkich igie\u0142 do tkanek mi\u0119\u015bniowych i tkanki \u0142\u0105cznej w celu zmniejszenia b\u00f3lu, poprawy funkcji mi\u0119\u015bniowej oraz przyspieszenia proces\u00f3w regeneracyjnych.<\/p>\n","protected":false},"author":1,"featured_media":8105,"parent":110,"menu_order":0,"comment_status":"closed","ping_status":"closed","template":"","meta":{"footnotes":""},"class_list":["post-6263","page","type-page","status-publish","has-post-thumbnail","hentry"],"acf":[],"_links":{"self":[{"href":"https:\/\/marcinsowula.pl\/index.php?rest_route=\/wp\/v2\/pages\/6263","targetHints":{"allow":["GET"]}}],"collection":[{"href":"https:\/\/marcinsowula.pl\/index.php?rest_route=\/wp\/v2\/pages"}],"about":[{"href":"https:\/\/marcinsowula.pl\/index.php?rest_route=\/wp\/v2\/types\/page"}],"author":[{"embeddable":true,"href":"https:\/\/marcinsowula.pl\/index.php?rest_route=\/wp\/v2\/users\/1"}],"replies":[{"embeddable":true,"href":"https:\/\/marcinsowula.pl\/index.php?rest_route=%2Fwp%2Fv2%2Fcomments&post=6263"}],"version-history":[{"count":11,"href":"https:\/\/marcinsowula.pl\/index.php?rest_route=\/wp\/v2\/pages\/6263\/revisions"}],"predecessor-version":[{"id":8242,"href":"https:\/\/marcinsowula.pl\/index.php?rest_route=\/wp\/v2\/pages\/6263\/revisions\/8242"}],"up":[{"embeddable":true,"href":"https:\/\/marcinsowula.pl\/index.php?rest_route=\/wp\/v2\/pages\/110"}],"wp:featuredmedia":[{"embeddable":true,"href":"https:\/\/marcinsowula.pl\/index.php?rest_route=\/wp\/v2\/media\/8105"}],"wp:attachment":[{"href":"https:\/\/marcinsowula.pl\/index.php?rest_route=%2Fwp%2Fv2%2Fmedia&parent=6263"}],"curies":[{"name":"wp","href":"https:\/\/api.w.org\/{rel}","templated":true}]}}